me factors of 124635762.
2, 3, 467, 14827
What are the prime factors of 54263445?
3, 5, 107, 33809
List the prime factors of 16469550.
2, 3, 5, 36599
List the prime factors of 27793994.
2, 13896997
List the prime factors of 4153877565.
3, 5, 19, 14575009
List the prime factors of 1212113478.
2, 3, 23, 8783431
What are the prime factors of 37174021?
139, 267439
List the prime factors of 70268131.
29, 2423039
What are the prime factors of 43139222?
2, 7, 3081373
List the prime factors of 2074833.
3, 17, 71, 191
What are the prime factors of 890854783?
7, 13, 401, 24413
What are the prime factors of 1608018857?
35069, 45853
List the prime factors of 676199476.
2, 359, 470891
List the prime factors of 70949404.
2, 53, 334667
List the prime factors of 30614817.
3, 23, 101, 191
What are the prime factors of 52616962?
2, 23, 29, 39443
List the prime factors of 85864002.
2, 3, 7, 19, 107599
List the prime factors of 98092446.
2, 3, 1303, 12547
What are the prime factors of 572904650?
2, 5, 11458093
List the prime factors of 4826260558.
2, 7, 101, 3413197
What are the prime factors of 1163884689?
3, 11, 107, 109873
What are the prime factors of 14769828?
2, 3, 53, 7741
What are the prime factors of 634983230?
2, 5, 7, 19, 31, 15401
What are the prime factors of 2278424787?
3, 103, 7373543
What are the prime factors of 59389166?
2, 89, 333647
List the prime factors of 7226721588.
2, 3, 602226799
List the prime factors of 651919.
479, 1361
List the prime factors of 1053575257.
7, 150510751
What are the prime factors of 6170871508?
2, 61, 25290457
List the prime factors of 334442460.
2, 3, 5, 11, 506731
What are the prime factors of 208100681?
208100681
List the prime factors of 414197021.
7, 1913, 30931
What are the prime factors of 90305943?
3, 7, 13, 330791
What are the prime factors of 1615688998?
2, 7, 11, 73, 143719
What are the prime factors of 48427671?
3, 1277, 12641
List the prime factors of 7671063029.
7, 47, 317, 73553
List the prime factors of 34629492.
2, 3, 79, 36529
List the prime factors of 162249318.
2, 3, 7, 11, 13007
List the prime factors of 1160591976.
2, 3, 1791037
What are the prime factors of 46885028?
2, 11721257
List the prime factors of 490862843.
490862843
List the prime factors of 28414338.
2, 3, 23, 109, 1889
What are the prime factors of 585393383?
547, 1070189
List the prime factors of 45082922.
2, 22541461
List the prime factors of 399762485.
5, 1721, 46457
List the prime factors of 309182276.
2, 13, 5945813
List the prime factors of 43704258.
2, 3, 13, 560311
List the prime factors of 45793332.
2, 3, 13, 97849
List the prime factors of 311708918.
2, 59, 97, 113, 241
List the prime factors of 975455265.
3, 5, 79, 823169
List the prime factors of 315234190.
2, 5, 31523419
List the prime factors of 4512685119.
3, 47, 97, 329947
List the prime factors of 1051418971.
31, 179, 189479
List the prime factors of 5689845952.
2, 7, 53, 239633
What are the prime factors of 819805497?
3, 7, 39038357
List the prime factors of 231802460.
2, 5, 11590123
List the prime factors of 683745826.
2, 617, 554089
List the prime factors of 2729766543.
3, 7, 129988883
List the prime factors of 166635772.
2, 41658943
List the prime factors of 6217004524.
2, 47, 71, 167, 2789
What are the prime factors of 593175548?
2, 7, 2437, 8693
What are the prime factors of 467670051?
3, 17, 1018889
List the prime factors of 491990989.
7, 70284427
What are the prime factors of 652412562?
2, 3, 108735427
List the prime factors of 125862625.
5, 7, 20549
What are the prime factors of 2163082249?
59, 97, 377963
What are the prime factors of 78346019?
78346019
List the prime factors of 42416258.
2, 17, 1051, 1187
List the prime factors of 3996057765.
3, 5, 7, 38057693
List the prime factors of 1911730855.
5, 9371, 40801
List the prime factors of 59869837.
59, 1014743
What are the prime factors of 219291680?
2, 5, 1370573
What are the prime factors of 89756363?
29, 103, 151, 199
What are the prime factors of 9240558388?
2, 2310139597
List the prime factors of 1126118732.
2, 23, 73, 167677
What are the prime factors of 5274306876?
2, 3, 439525573
List the prime factors of 1860263991.
3, 61, 3388459
What are the prime factors of 53653746?
2, 3, 31, 288461
What are the prime factors of 140828058?
2, 3, 7, 113, 157
List the prime factors of 1831099370.
2, 5, 183109937
List the prime factors of 56173699.
137, 521, 787
What are the prime factors of 550620963?
3, 1663, 12263
List the prime factors of 37301069.
13, 37, 77549
What are the prime factors of 100021091?
100021091
List the prime factors of 22103728.
2, 1381483
What are the prime factors of 1543753963?
47, 277, 283, 419
List the prime factors of 610410777.
3, 19, 23, 353, 1319
List the prime factors of 1283390884.
2, 191, 1679831
What are the prime factors of 6412864?
2, 97, 1033
List the prime factors of 45063762.
2, 3, 23, 326549
List the prime factors of 815313166.
2, 17, 4289, 5591
List the prime factors of 127647950.
2, 5, 2552959
List the prime factors of 396035146.
2, 13, 149, 102229
What are the prime factors of 29567265?
3, 5, 7, 13, 21661
What are the prime factors of 134923306?
2, 7, 83, 116113
List the prime factors of 560639166.
2, 3, 41, 61, 37361
List the prime factors of 85499880.
2, 3, 5, 712499
List the prime factors of 1235819090.
2, 5, 11, 19, 591301
What are the prime factors of 34693155?
3, 5, 7, 241, 457
What are the prime factors of 119522517?
3, 39840839
What are the prime factors of 24016631?
17, 83, 17021
List the prime factors of 5804414559.
3, 5303, 13513
List the prime factors of 45640684.
2, 37, 308383
What are the prime factors of 6585406177?
7, 293, 3210827
What are the prime factors of 3332423532?
2, 3, 277701961
What are the prime factors of 1407579870?
2, 3, 5, 821, 57149
What are the prime factors of 240988821?
3, 17, 4725271
What are the prime factors of 2028743542?
2, 7, 79, 1834307
What are the prime factors of 192833604?
2, 3, 5356489
List the prime factors of 1339174211.
1483, 903017
List the prime factors of 384951954.
2, 3, 691, 92849
List the prime factors of 55251535.
5, 11050307
What are the prime factors of 2124994570?
2, 5, 212499457
What are the prime factors of 307542865?
5, 7, 97, 12941
List the prime factors of 56604745.
5, 11320949
What are the prime factors of 9026737?
197, 45821
List the prime factors of 113221375.
5, 149, 6079
What are the prime factors of 1870787?
1870787
List the prime factors of 116635324.
2, 13, 41, 227, 241
What are the prime factors of 37346091?
3, 61, 89, 2293
List the prime factors of 543190202.
2, 19, 373, 2017
What are the prime factors of 20819685?
3, 5, 71, 113, 173
What are the prime factors of 242429853?
3, 241, 547, 613
List the prime factors of 4890280667.
19, 59, 4362427
What are the prime factors of 11751215?
5, 7, 19, 41, 431
List the prime factors of 132790083.
3, 44263361
What are the prime factors of 152909676?
2, 3, 61, 179, 389
What are the prime factors of 1026871676?
2, 89, 2884471
What are the prime factors of 21771590?
2, 5, 59, 36901
List the prime factors of 1943356120.
2, 5, 29, 1675307
List the prime factors of 36547734.
2, 3, 1093, 5573
List the prime factors of 1195688727.
3, 17, 107, 73037
What are the prime factors of 1167001878?
2, 3, 7, 1973, 14083
List the prime factors of 694062173.
7, 73, 487, 2789
What are the prime factors of 26788497?
3, 139, 227, 283
List the prime factors of 5086662790.
2, 5, 11, 46242389
List the prime factors of 3811047232.
2, 1733, 34361
What are the prime factors of 652381355?
5, 3089, 42239
What are the prime factors of 28938448?
2, 7, 11, 83, 283
What are the prime factors of 4966232332?
2, 683, 1817801
What are the prime factors of 55861960?
2, 5, 7, 11, 2591
What are the prime factors of 738782377?
19, 101, 367, 1049
List the prime factors of 439255110.
2, 3, 5, 7, 19, 15727
List the prime factors of 3842173425.
3, 5, 37, 607, 2281
What are the prime factors of 113268312?
2, 3, 137, 11483
List the prime factors of 706568644.
2, 29, 6091109
What are the prime factors of 2932345083?
3, 6317, 154733
List the prime factors of 578085135.
3, 5, 359, 107351
What are the prime factors of 60520456?
2, 37, 204461
List the prime factors of 14828683.
19, 780457
What are the prime